 of 243539?
243539
List the prime factors of 88532.
2, 22133
List the prime factors of 342199.
11, 13, 2393
List the prime factors of 19436500.
2, 5, 38873
What are the prime factors of 1471786?
2, 37, 19889
What are the prime factors of 190760?
2, 5, 19, 251
What are the prime factors of 1416996?
2, 3, 7, 5623
What are the prime factors of 708469?
23, 30803
What are the prime factors of 4780413?
3, 11, 109, 443
What are the prime factors of 1822851?
3, 181, 373
What are the prime factors of 12540709?
31, 404539
What are the prime factors of 74763?
3, 13, 71
List the prime factors of 343275.
3, 5, 23, 199
What are the prime factors of 252568?
2, 131, 241
List the prime factors of 3766211.
569, 6619
What are the prime factors of 488493?
3, 54277
List the prime factors of 437209.
19, 23011
List the prime factors of 2280657.
3, 23, 33053
What are the prime factors of 92783?
31, 41, 73
What are the prime factors of 572453?
7, 53, 1543
List the prime factors of 731711.
731711
What are the prime factors of 3236?
2, 809
What are the prime factors of 1154750?
2, 5, 31, 149
List the prime factors of 4031162.
2, 113, 17837
What are the prime factors of 1049420?
2, 5, 137, 383
List the prime factors of 29623885.
5, 23, 313, 823
List the prime factors of 96379.
31, 3109
List the prime factors of 1502857.
61, 71, 347
List the prime factors of 629784.
2, 3, 8747
List the prime factors of 202652.
2, 29, 1747
List the prime factors of 17009917.
31, 548707
What are the prime factors of 139256?
2, 13, 103
What are the prime factors of 316948?
2, 17, 59, 79
List the prime factors of 20864234.
2, 10432117
List the prime factors of 20727825.
3, 5, 276371
What are the prime factors of 1878865?
5, 375773
What are the prime factors of 118045?
5, 23609
What are the prime factors of 2412090?
2, 3, 5, 26801
List the prime factors of 9278906.
2, 7, 13, 17, 2999
What are the prime factors of 159997?
193, 829
What are the prime factors of 2484433?
7, 31, 107
What are the prime factors of 157250?
2, 5, 17, 37
What are the prime factors of 176142?
2, 3, 31, 947
List the prime factors of 434608.
2, 23, 1181
List the prime factors of 3826760.
2, 5, 7, 79, 173
What are the prime factors of 5859973?
7, 837139
List the prime factors of 121917.
3, 40639
List the prime factors of 4659098.
2, 2329549
List the prime factors of 180233.
180233
What are the prime factors of 146371?
197, 743
List the prime factors of 266923.
293, 911
List the prime factors of 73860.
2, 3, 5, 1231
What are the prime factors of 1872913?
7, 23, 11633
List the prime factors of 2945236.
2, 7, 293, 359
List the prime factors of 19621250.
2, 5, 11, 1427
What are the prime factors of 326205?
3, 5, 11, 659
What are the prime factors of 10617162?
2, 3, 19, 93133
List the prime factors of 12559.
19, 661
List the prime factors of 725815.
5, 17, 8539
What are the prime factors of 1272206?
2, 13, 167, 293
What are the prime factors of 22446622?
2, 11, 1020301
List the prime factors of 37039563.
3, 11, 374137
List the prime factors of 80155.
5, 17, 23, 41
List the prime factors of 23941197.
3, 7, 19, 59, 113
List the prime factors of 12289732.
2, 7, 13, 19, 1777
What are the prime factors of 951132?
2, 3, 7, 13, 67
What are the prime factors of 495035?
5, 181, 547
What are the prime factors of 23219482?
2, 11, 13, 19, 4273
What are the prime factors of 840057?
3, 107, 2617
List the prime factors of 82500.
2, 3, 5, 11
List the prime factors of 540374.
2, 271, 997
List the prime factors of 1080125.
5, 8641
List the prime factors of 1407772.
2, 31, 11353
What are the prime factors of 575316?
2, 3, 7, 761
List the prime factors of 313496.
2, 149, 263
List the prime factors of 799922.
2, 59, 6779
What are the prime factors of 213148?
2, 13, 4099
What are the prime factors of 3763347?
3, 7, 25601
List the prime factors of 5892437.
47, 125371
What are the prime factors of 254247?
3, 7, 12107
What are the prime factors of 35073?
3, 433
List the prime factors of 1091561.
1091561
What are the prime factors of 4083572?
2, 1020893
List the prime factors of 4960512.
2, 3, 2153
What are the prime factors of 1073453?
197, 5449
What are the prime factors of 5124897?
3, 67, 2833
What are the prime factors of 4107143?
4107143
List the prime factors of 403887.
3, 11, 12239
List the prime factors of 16676031.
3, 17, 79, 4139
What are the prime factors of 2397706?
2, 1198853
List the prime factors of 953543.
953543
List the prime factors of 532437.
3, 19, 9341
List the prime factors of 12056073.
3, 599, 6709
What are the prime factors of 9020?
2, 5, 11, 41
List the prime factors of 4082468.
2, 13, 78509
List the prime factors of 51649.
13, 29, 137
List the prime factors of 13222809.
3, 1469201
What are the prime factors of 4596811?
607, 7573
What are the prime factors of 1306738?
2, 101, 6469
List the prime factors of 3542842.
2, 1771421
List the prime factors of 179394.
2, 3, 29, 1031
List the prime factors of 11274832.
2, 101, 6977
List the prime factors of 435484.
2, 7, 103, 151
List the prime factors of 391899.
3, 130633
List the prime factors of 2461981.
389, 6329
List the prime factors of 166082.
2, 7, 11863
What are the prime factors of 274565?
5, 89, 617
List the prime factors of 1895834.
2, 947917
What are the prime factors of 8351215?
5, 67, 97, 257
What are the prime factors of 2012836?
2, 7, 71887
List the prime factors of 4858549.
17, 107, 2671
List the prime factors of 26264523.
3, 89, 98369
What are the prime factors of 1169850?
2, 3, 5, 11, 709
List the prime factors of 69976.
2, 8747
What are the prime factors of 2450358?
2, 3, 45377
List the prime factors of 28317331.
7, 4045333
What are the prime factors of 115564?
2, 167, 173
List the prime factors of 272319.
3, 43, 2111
List the prime factors of 178128.
2, 3, 1237
List the prime factors of 11366602.
2, 13, 33629
List the prime factors of 288502.
2, 67, 2153
List the prime factors of 491525.
5, 19661
List the prime factors of 376067.
19, 19793
What are the prime factors of 396573?
3, 67, 1973
What are the prime factors of 78384?
2, 3, 23, 71
What are the prime factors of 89614?
2, 7, 37, 173
List the prime factors of 10680955.
5, 2136191
What are the prime factors of 124750?
2, 5, 499
List the prime factors of 158351.
158351
List the prime factors of 673412.
2, 168353
What are the prime factors of 2082218?
2, 1041109
What are the prime factors of 27836548?
2, 17, 151, 2711
What are the prime factors of 1076829?
3, 13, 27611
List the prime factors of 472255.
5, 7, 103, 131
What are the prime factors of 11378279?
11, 41, 25229
List the prime factors of 1901381.
139, 13679
What are the prime factors of 132227?
23, 5749
What are the prime factors of 88958?
2, 19, 2341
List the prime factors of 136501.
136501
List the prime factors of 2671805.
5, 17, 43
List the prime factors of 1133449.
59, 19211
What are the prime factors of 112142?
2, 47, 1193
List the prime factors of 775561.
19, 40819
What are the prime factors of 68943?
3, 7, 67
List the prime factors of 170379.
3, 11, 1721
What are the prime factors of 537277?
13, 37, 1117
What are the prime factors of 305158?
2, 7, 71, 307
List the prime factors of 992382.
2, 3, 165397
List the prime factors of 2659199.
1567, 1697
What are the prime factors of 228791?
109, 2099
What are the prime factors of 593479?
593479
List the prime factors of 1147233.
3, 379, 1009
List the prime factors of 771188.
2, 11, 17, 1031
List the prime factors of 485042.
2, 242521
List the prime factors of 3721156.
2, 930289
What are the prime factors of 585809?
7, 53, 1579
List the prime factors of 526373.
526373
What are the prime factors of 9561904?
2, 11, 449
List the prime factors of 739765.
5, 13, 19, 599
What are the prime factors of 1976707?
1976707
List the prime factors of 229735.
5, 11, 4177
What are the prime factors of 4006740?
2, 3, 5, 43, 1553
What are the prime factors of 748785?
3, 5, 49919
What are the prime factors of 3512374?
2, 1756187
List the prime factors of 2597952.
2, 3, 7, 1933
List the prime factors of 374033.
11, 37, 919
List the prime factors of 238757.
29, 8233
What are the prime factors of 116040?
2, 3, 5, 967
What are the prime factors of 13828527?
3, 719, 2137
What are the prime factors of 4149958?
2, 29, 71551
Lis